ab
-221b (base 12) to base 3
-12011112
11000000101011 (base 2) to base 15
39c1
Convert 52c (base 16) to base 11.
aa4
What is -1030101 (base 4) in base 5?
-124011
Convert 1b48 (base 14) to base 12.
2a58
What is 110322 (base 4) in base 14?
6b8
-208 (base 16) to base 4
-20020
Convert -11011110011101 (base 2) to base 16.
-379d
Convert b6 (base 15) to base 12.
123
What is -2144 (base 6) in base 13?
-2c2
Convert 217a (base 11) to base 6.
21142
Convert -54d6 (base 16) to base 9.
-32711
3ab (base 13) to base 7
1614
Convert -27a (base 13) to base 16.
-1b7
What is 1050 (base 8) in base 9?
673
Convert -10110000011 (base 2) to base 10.
-1411
Convert -3565 (base 9) to base 11.
-1aa0
Convert 694 (base 11) to base 5.
11304
What is 4518 (base 13) in base 15?
2cd9
-a110 (base 12) to base 5
-1024221
What is 5582 (base 11) in base 14?
2970
Convert 991 (base 15) to base 9.
2861
Convert -222021 (base 3) to base 11.
-595
1a5 (base 11) to base 3
22202
What is -14706 (base 9) in base 10?
-10050
1724 (base 10) to base 4
122330
-3473 (base 9) to base 13
-1233
What is -1204 (base 6) in base 5?
-2132
Convert 11211 (base 6) to base 4.
120313
-1620 (base 7) to base 5
-10101
Convert -22133133 (base 4) to base 13.
-1673a
-787 (base 16) to base 14
-9b9
What is -332 (base 12) in base 8?
-726
100134 (base 6) to base 16
1e9a
What is -436 (base 11) in base 6?
-2231
211321 (base 5) to base 14
2822
113443 (base 6) to base 15
2de6
What is 2353 (base 6) in base 4?
20331
-431 (base 5) to base 16
-74
What is 1011101000 (base 2) in base 16?
2e8
What is -106a (base 16) in base 15?
-13a2
Convert -4443 (base 6) to base 13.
-618
Convert -14a (base 13) to base 7.
-450
What is -12b89 (base 13) in base 7?
-203554
-1168 (base 12) to base 4
-132200
-30202 (base 5) to base 13
-b53
What is -37413 (base 8) in base 11?
-11142
What is -97d (base 15) in base 6?
-13531
c31a (base 15) to base 12
1ba14
What is -1f2 (base 16) in base 12?
-356
What is 2330 (base 5) in base 8?
524
What is -5a4 (base 11) in base 12?
-4bb
-3a2 (base 13) to base 6
-2543
What is 321230 (base 7) in base 16?
d985
What is 3120101 (base 5) in base 14?
14988
What is -32a5 (base 12) in base 10?
-5597
What is -33e (base 16) in base 14?
-434
Convert 176 (base 8) to base 5.
1001
What is -52015 (base 6) in base 13?
-31c7
What is 45143 (base 6) in base 11?
4832
Convert 6254 (base 8) to base 2.
110010101100
What is -625 (base 9) in base 7?
-1325
Convert -245 (base 16) to base 5.
-4311
Convert -416 (base 13) to base 9.
-852
Convert 37d (base 15) to base 4.
30121
-3c08 (base 15) to base 12
-7515
Convert -10311 (base 6) to base 3.
-1221021
Convert -18a (base 11) to base 15.
-e9
What is 2120022100 (base 3) in base 10?
50526
Convert 2c7 (base 15) to base 14.
337
What is -4 (base 10) in base 9?
-4
Convert -6679 (base 10) to base 9.
-10141
What is -46264 (base 8) in base 11?
-13831
Convert 24b (base 12) to base 13.
209
What is -15a5 (base 14) in base 6?
-25525
What is -22140 (base 7) in base 14?
-2057
What is c9ac (base 13) in base 5?
1344102
2814 (base 9) to base 6
13451
Convert 1041223 (base 5) to base 6.
220441
Convert 1010010100100011 (base 2) to base 11.
29842
-15107 (base 8) to base 10
-6727
1af7 (base 16) to base 15
20a3
What is -75 (base 13) in base 2?
-1100000
What is -15517 (base 9) in base 12?
-6197
Convert 10010000 (base 2) to base 14.
a4
Convert 27a (base 11) to base 10.
329
Convert 4577 (base 10) to base 13.
2111
What is -49e (base 15) in base 13?
-629
What is 146 (base 13) in base 14?
123
-a35 (base 11) to base 6
-5440
Convert 2ac (base 13) to base 10.
480
42425 (base 6) to base 4
1122101
What is 2212021 (base 3) in base 6?
13354
What is -231620 (base 7) in base 14?
-11180
10337 (base 8) to base 10
4319
681 (base 11) to base 13
4a9
What is 331 (base 16) in base 10?
817
What is 11110221010 (base 3) in base 15?
1b1c3
Convert -31c (base 13) to base 12.
-384
What is 31320 (base 4) in base 13?
534
Convert 202010 (base 5) to base 14.
2529
Convert 333 (base 10) to base 16.
14d
What is -11417 (base 8) in base 4?
-1030033
-a33 (base 12) to base 16
-5c7
What is -2350 (base 8) in base 7?
-3443
14023 (base 5) to base 2
10001110010
-3a4 (base 16) to base 12
-658
-1367 (base 8) to base 2
-1011110111
117 (base 13) to base 3
21000
What is -2386 (base 12) in base 14?
-1650
Convert -3001 (base 6) to base 2.
-1010001001
Convert 52422 (base 9) to base 7.
202616
What is 147367 (base 8) in base 2?
1100111011110111
What is -64 (base 12) in base 8?
-114
What is -1041023 (base 5) in base 8?
-43527
What is 14920 (base 10) in base 14?
561a
Convert -764 (base 8) to base 10.
-500
-63356 (base 8) to base 3
-1100010221
Convert -22185 (base 11) to base 2.
-111110110011110
101100001110 (base 2) to base 9
3784
-1639 (base 10) to base 4
-121213
Convert -49077 (base 11) to base 2.
-10001001111100011
What is 1771 (base 9) in base 14?
6d2
Convert 1011010111 (base 2) to base 7.
2056
-1784 (base 9) to base 15
-617
What is 1041 (base 15) in base 16?
d6c
What is 83c (base 13) in base 5?
21103
-611 (base 12) to base 8
-1555
What is 43013 (base 5) in base 12?
1803
What is -932 (base 11) in base 14?
-5a4
-20020 (base 3) to base 15
-b3
21649 (base 10) to base 8
52221
Convert 1201120010 (base 3) to base 9.
51503
Convert 2cf1 (base 16) to base 13.
5310
What is -55414 (base 9) in base 5?
-2134122
c8 (base 14) to base 16
b0
Convert 1220323 (base 5) to base 10.
23213
What is 20111300 (base 4) in base 5?
2043120
Convert 2aa6 (base 11) to base 12.
2384
What is -220 (base 11) in base 6?
-1120
-4332 (base 5) to base 7
-1504
Convert -a88 (base 12) to base 2.
-11000001000
What is -1c211 (base 13) in base 11?
-38592
What is -7181 (base 14) in base 3?
-222202212
110001110 (base 2) to base 3
112202
-25 (base 9) to base 4
-113
-2b38a (base 12) to base 2
-1110111001011010
-2148 (base 11) to base 3
-10220000
What is -bb79 (base 16) in base 4?
-23231321
What is 13276 (base 10) in base 14?
4ba4
-223101 (base 4) to base 10
-2769
Convert -10001100110000 (base 2) to base 3.
-110100122
Convert -203 (base 15) to base 2.
-111000101
6964 (base 11) to base 6
110201
Convert -10223 (base 5) to base 14.
-372
Convert -482 (base 14) to base 15.
-3ed
-1101100001111001 (base 2) to base 13
-1c2bb
a575 (base 12) to base 6
215425
Convert -204424 (base 5) to base 15.
-2079
What is -656 (base 8) in base 6?
-1554
103 (base 6) to base 10
39
Convert 5402 (base 6) to base 3.
1200102
1000011000 (base 2) to base 6
2252
-23360 (base 10) to base 13
-a82c
What is -4647 (base 11) in base 14?
-231b
-397 (base 11) to base 14
-257
-222102 (base 3) to base 14
-38d
What is -3971 (base 13) in base 12?
-48b8
-1338c (base 14) to base 12
-234a8
What is -3894 (base 10) in base 14?
-15c2
Convert -174 (base 14) to base 5.
-2143
212213 (base 4) to base 14
c87
Convert 3114 (base 5) to base 9.
504
What is 100441 (base 6) in base 3?
101220021
Convert 560 (base 10) to base 8.
1060
What is 11011 (base 4) in base 6?
1301
Convert 1065 (base 8) to base 11.
474
What is 4388 (base 9) in base 11?
2485
Convert -226 (base 14) to base 11.
-358
Convert 469 (base 10) to base 3.
122101
10101001 (base 2) to base 7
331
What is -75251 (base 8) in base 13?
-113a6
What is 2211 (base 5) in base 9?
370
-31504 (base 7) to base 11
-5947
Convert 957 (base 13) to base 3.
2012000
Convert -40000 (base 5) to base 2.
-100111000100
What is -1452 (base 6) in base 5?
-3032
What is 11a40 (base 15) in base 4?
31233312
What is -1791 (base 12) in base 13?
-13ab
a31 (base 11) to base 10
1244
-8c54 (base 13) to base 10
-19673
Convert -1335 (base 7) to base 10.
-516
Convert -121123 (base 5) to base 2.
-1000110111010
21321112 (base 4) to base 6
511354
32247 (base 10) to base 8
76767
-104 (base 12) to base 8
-224
-20221100 (base 4) to base 3
-1210120102
-3345 (base 6) to base 8
-1421
What is -224 (base 12) in base 11?
-268
What is 5311 (base 6) in base 7?
3325
What is 10100111001110 (base 2) in base 15?
3287
-21366 (base 13) to base 15
-12b40
Convert 616 (base 8) to base 7.
1106
What is 2020101 (base 3) in base 7?
4516
Convert 10799 (base 12) to base 6.
245113
What is -21766 (base 9) in base 14?
-53c2
What is 1240 (base 5) in base 9?
236
Convert 1e1 (base 15) to base 16.
1b4
Convert -10778 (base 10) to base 3.
-112210012
Convert 22021 (base 8) to base 13.
4283
What is 1b3 (ba